{"id":30,"date":"2022-12-08T13:26:48","date_gmt":"2022-12-08T13:26:48","guid":{"rendered":"https:\/\/brinkmannhp.de\/?page_id=30"},"modified":"2024-04-04T14:38:44","modified_gmt":"2024-04-04T14:38:44","slug":"naturheilkunde-in-ankum","status":"publish","type":"page","link":"https:\/\/brinkmannhp.de\/index.php\/naturheilkunde-in-ankum\/","title":{"rendered":"Willkommen"},"content":{"rendered":"\n<div class=\"wp-block-media-text has-media-on-the-right is-stacked-on-mobile\"><div class=\"wp-block-media-text__content\">\n<p class=\"has-text-align-center has-large-font-size\"><strong>Willkommen<\/strong><\/p>\n\n\n\n<p class=\"has-text-align-center\"> <p>Die in meiner Praxis angewandten Verfahren zielen darauf ab, die Selbstheilungskr\u00e4fte des K\u00f6rpers zu aktivieren,und Sie auf diesem Weg bei Ihrer Gesundung zu unterst\u00fctzen.Sie k\u00f6nnen parallel zu einer schulmedizinischen Behandlungeingesetzt werden.<\/p><\/p>\n<\/div><figure class=\"wp-block-media-text__media\"><img loading=\"lazy\" decoding=\"async\" width=\"1024\" height=\"895\" src=\"https:\/\/brinkmannhp.de\/wp-content\/uploads\/2022\/12\/P1010264_2-1024x895.jpg\" alt=\"\" class=\"wp-image-31 size-full\" srcset=\"https:\/\/brinkmannhp.de\/wp-content\/uploads\/2022\/12\/P1010264_2-1024x895.jpg 1024w, https:\/\/brinkmannhp.de\/wp-content\/uploads\/2022\/12\/P1010264_2-300x262.jpg 300w, https:\/\/brinkmannhp.de\/wp-content\/uploads\/2022\/12\/P1010264_2-768x672.jpg 768w, https:\/\/brinkmannhp.de\/wp-content\/uploads\/2022\/12\/P1010264_2-1536x1343.jpg 1536w, https:\/\/brinkmannhp.de\/wp-content\/uploads\/2022\/12\/P1010264_2-2048x1791.jpg 2048w\" sizes=\"auto, (max-width: 1024px) 100vw, 1024px\" \/><\/figure><\/div>\n","protected":false},"excerpt":{"rendered":"<p>Willkommen Die in meiner Praxis angewandten Verfahren zielen darauf ab, die Selbstheilungskr\u00e4fte des K\u00f6rpers zu aktivieren,und Sie auf diesem Weg bei Ihrer Gesundung zu unterst\u00fctzen.Sie k\u00f6nnen parallel zu einer schulmedizinischen Behandlungeingesetzt werden.<\/p>\n","protected":false},"author":1,"featured_media":0,"parent":0,"menu_order":0,"comment_status":"closed","ping_status":"closed","template":"","meta":{"site-sidebar-layout":"default","site-content-layout":"","ast-site-content-layout":"default","site-content-style":"default","site-sidebar-style":"default","ast-global-header-display":"","ast-banner-title-visibility":"","ast-main-header-display":"","ast-hfb-above-header-display":"","ast-hfb-below-header-display":"","ast-hfb-mobile-header-display":"","site-post-title":"","ast-breadcrumbs-content":"","ast-featured-img":"","footer-sml-layout":"","ast-disable-related-posts":"","theme-transparent-header-meta":"","adv-header-id-meta":"","stick-header-meta":"","header-above-stick-meta":"","header-main-stick-meta":"","header-below-stick-meta":"","astra-migrate-meta-layouts":"set","ast-page-background-enabled":"default","ast-page-background-meta":{"desktop":{"background-color":"var(--ast-global-color-4)","background-image":"","background-repeat":"repeat","background-position":"center center","background-size":"auto","background-attachment":"scroll","background-type":"","background-media":"","overlay-type":"","overlay-color":"","overlay-opacity":"","overlay-gradient":""},"tablet":{"background-color":"","background-image":"","background-repeat":"repeat","background-position":"center center","background-size":"auto","background-attachment":"scroll","background-type":"","background-media":"","overlay-type":"","overlay-color":"","overlay-opacity":"","overlay-gradient":""},"mobile":{"background-color":"","background-image":"","background-repeat":"repeat","background-position":"center center","background-size":"auto","background-attachment":"scroll","background-type":"","background-media":"","overlay-type":"","overlay-color":"","overlay-opacity":"","overlay-gradient":""}},"ast-content-background-meta":{"desktop":{"background-color":"var(--ast-global-color-5)","background-image":"","background-repeat":"repeat","background-position":"center center","background-size":"auto","background-attachment":"scroll","background-type":"","background-media":"","overlay-type":"","overlay-color":"","overlay-opacity":"","overlay-gradient":""},"tablet":{"background-color":"var(--ast-global-color-5)","background-image":"","background-repeat":"repeat","background-position":"center center","background-size":"auto","background-attachment":"scroll","background-type":"","background-media":"","overlay-type":"","overlay-color":"","overlay-opacity":"","overlay-gradient":""},"mobile":{"background-color":"var(--ast-global-color-5)","background-image":"","background-repeat":"repeat","background-position":"center center","background-size":"auto","background-attachment":"scroll","background-type":"","background-media":"","overlay-type":"","overlay-color":"","overlay-opacity":"","overlay-gradient":""}},"footnotes":""},"class_list":["post-30","page","type-page","status-publish","hentry"],"_links":{"self":[{"href":"https:\/\/brinkmannhp.de\/index.php\/wp-json\/wp\/v2\/pages\/30","targetHints":{"allow":["GET"]}}],"collection":[{"href":"https:\/\/brinkmannhp.de\/index.php\/wp-json\/wp\/v2\/pages"}],"about":[{"href":"https:\/\/brinkmannhp.de\/index.php\/wp-json\/wp\/v2\/types\/page"}],"author":[{"embeddable":true,"href":"https:\/\/brinkmannhp.de\/index.php\/wp-json\/wp\/v2\/users\/1"}],"replies":[{"embeddable":true,"href":"https:\/\/brinkmannhp.de\/index.php\/wp-json\/wp\/v2\/comments?post=30"}],"version-history":[{"count":7,"href":"https:\/\/brinkmannhp.de\/index.php\/wp-json\/wp\/v2\/pages\/30\/revisions"}],"predecessor-version":[{"id":294,"href":"https:\/\/brinkmannhp.de\/index.php\/wp-json\/wp\/v2\/pages\/30\/revisions\/294"}],"wp:attachment":[{"href":"https:\/\/brinkmannhp.de\/index.php\/wp-json\/wp\/v2\/media?parent=30"}],"curies":[{"name":"wp","href":"https:\/\/api.w.org\/{rel}","templated":true}]}}