{"id":148,"date":"2024-03-26T13:27:36","date_gmt":"2024-03-26T13:27:36","guid":{"rendered":"https:\/\/brinkmannhp.de\/?page_id=148"},"modified":"2024-05-08T13:05:51","modified_gmt":"2024-05-08T13:05:51","slug":"blutegel","status":"publish","type":"page","link":"https:\/\/brinkmannhp.de\/index.php\/blutegel\/","title":{"rendered":"Blutegel"},"content":{"rendered":"\n<p class=\"has-medium-font-size\"><strong>Blutegel<\/strong><\/p>\n\n\n\n<p>Die Behandlung mit Blutegeln ist eine sehr alte Therapieform.<\/p>\n\n\n\n<p>Heute wei\u00df man, das neben dem Blutverlust vor allem das von den Egeln in den K\u00f6rper eingebrachte Sekret f\u00fcr die au\u00dfergew\u00f6hnliche Heilwirkung verantwortlich ist.<br>Es enth\u00e4lt eine Vielzahl von Inhaltsstoffen, die u. a. schmerzstillend, antientz\u00fcndlich und durchblutungsf\u00f6rdernd wirken.<\/p>\n\n\n\n<p>Das breite Wirkspektrum bietet sehr viele Einsatzm\u00f6glichkeiten, so das ich hier nur einige nennen m\u00f6chte :<\/p>\n\n\n\n<ul class=\"wp-block-list\">\n<li>Krampfadern und Durchblutungsst\u00f6rungen<\/li>\n\n\n\n<li>Arthrosen und Arthritiden<\/li>\n\n\n\n<li>Menstruationsbeschwerden<\/li>\n\n\n\n<li>Tennisellenbogen und Sehnenscheidenentz\u00fcndungen<\/li>\n<\/ul>\n\n\n\n<p>Die Blutegel f\u00fcr Ihre Behandlung beziehe ich aus einer zertifizierten Zucht.<\/p>\n\n\n\n<p>Nach einem Vorgespr\u00e4ch vereinbare ich mit Ihnen einen Termin f\u00fcr die Behandlung. <br>Diese dauert zwischen 60 und 120 Minuten.<\/p>\n","protected":false},"excerpt":{"rendered":"<p>Blutegel Die Behandlung mit Blutegeln ist eine sehr alte Therapieform. Heute wei\u00df man, das neben dem Blutverlust vor allem das von den Egeln in den K\u00f6rper eingebrachte Sekret f\u00fcr die au\u00dfergew\u00f6hnliche Heilwirkung verantwortlich ist.Es enth\u00e4lt eine Vielzahl von Inhaltsstoffen, die u. a. schmerzstillend, antientz\u00fcndlich und durchblutungsf\u00f6rdernd wirken. Das breite Wirkspektrum bietet sehr viele Einsatzm\u00f6glichkeiten, so [&hellip;]<\/p>\n","protected":false},"author":1,"featured_media":0,"parent":0,"menu_order":0,"comment_status":"closed","ping_status":"closed","template":"","meta":{"site-sidebar-layout":"default","site-content-layout":"","ast-site-content-layout":"default","site-content-style":"default","site-sidebar-style":"default","ast-global-header-display":"","ast-banner-title-visibility":"","ast-main-header-display":"","ast-hfb-above-header-display":"","ast-hfb-below-header-display":"","ast-hfb-mobile-header-display":"","site-post-title":"","ast-breadcrumbs-content":"","ast-featured-img":"","footer-sml-layout":"","ast-disable-related-posts":"","theme-transparent-header-meta":"","adv-header-id-meta":"","stick-header-meta":"","header-above-stick-meta":"","header-main-stick-meta":"","header-below-stick-meta":"","astra-migrate-meta-layouts":"set","ast-page-background-enabled":"default","ast-page-background-meta":{"desktop":{"background-color":"var(--ast-global-color-4)","background-image":"","background-repeat":"repeat","background-position":"center center","background-size":"auto","background-attachment":"scroll","background-type":"","background-media":"","overlay-type":"","overlay-color":"","overlay-opacity":"","overlay-gradient":""},"tablet":{"background-color":"","background-image":"","background-repeat":"repeat","background-position":"center center","background-size":"auto","background-attachment":"scroll","background-type":"","background-media":"","overlay-type":"","overlay-color":"","overlay-opacity":"","overlay-gradient":""},"mobile":{"background-color":"","background-image":"","background-repeat":"repeat","background-position":"center center","background-size":"auto","background-attachment":"scroll","background-type":"","background-media":"","overlay-type":"","overlay-color":"","overlay-opacity":"","overlay-gradient":""}},"ast-content-background-meta":{"desktop":{"background-color":"var(--ast-global-color-5)","background-image":"","background-repeat":"repeat","background-position":"center center","background-size":"auto","background-attachment":"scroll","background-type":"","background-media":"","overlay-type":"","overlay-color":"","overlay-opacity":"","overlay-gradient":""},"tablet":{"background-color":"var(--ast-global-color-5)","background-image":"","background-repeat":"repeat","background-position":"center center","background-size":"auto","background-attachment":"scroll","background-type":"","background-media":"","overlay-type":"","overlay-color":"","overlay-opacity":"","overlay-gradient":""},"mobile":{"background-color":"var(--ast-global-color-5)","background-image":"","background-repeat":"repeat","background-position":"center center","background-size":"auto","background-attachment":"scroll","background-type":"","background-media":"","overlay-type":"","overlay-color":"","overlay-opacity":"","overlay-gradient":""}},"footnotes":""},"class_list":["post-148","page","type-page","status-publish","hentry"],"_links":{"self":[{"href":"https:\/\/brinkmannhp.de\/index.php\/wp-json\/wp\/v2\/pages\/148","targetHints":{"allow":["GET"]}}],"collection":[{"href":"https:\/\/brinkmannhp.de\/index.php\/wp-json\/wp\/v2\/pages"}],"about":[{"href":"https:\/\/brinkmannhp.de\/index.php\/wp-json\/wp\/v2\/types\/page"}],"author":[{"embeddable":true,"href":"https:\/\/brinkmannhp.de\/index.php\/wp-json\/wp\/v2\/users\/1"}],"replies":[{"embeddable":true,"href":"https:\/\/brinkmannhp.de\/index.php\/wp-json\/wp\/v2\/comments?post=148"}],"version-history":[{"count":4,"href":"https:\/\/brinkmannhp.de\/index.php\/wp-json\/wp\/v2\/pages\/148\/revisions"}],"predecessor-version":[{"id":326,"href":"https:\/\/brinkmannhp.de\/index.php\/wp-json\/wp\/v2\/pages\/148\/revisions\/326"}],"wp:attachment":[{"href":"https:\/\/brinkmannhp.de\/index.php\/wp-json\/wp\/v2\/media?parent=148"}],"curies":[{"name":"wp","href":"https:\/\/api.w.org\/{rel}","templated":true}]}}