{"id":116,"date":"2023-04-05T13:26:55","date_gmt":"2023-04-05T13:26:55","guid":{"rendered":"https:\/\/brinkmannhp.de\/?page_id=116"},"modified":"2024-05-08T13:00:57","modified_gmt":"2024-05-08T13:00:57","slug":"akupunktur","status":"publish","type":"page","link":"https:\/\/brinkmannhp.de\/index.php\/akupunktur\/","title":{"rendered":"Akupunktur"},"content":{"rendered":"\n<div class=\"wp-block-media-text has-media-on-the-right is-stacked-on-mobile is-vertically-aligned-top\" style=\"grid-template-columns:auto 33%\"><div class=\"wp-block-media-text__content\">\n<p class=\"has-text-align-center has-medium-font-size\"><strong>Akupunktur<\/strong><\/p>\n\n\n\n<p class=\"has-text-align-left\">Bei der Akupunktur handelt es sich um eine \u00fcber 2000 Jahre alte Heilmethode aus China.<br>Je nach Indikation wird Ihnen eine unterschiedliche Anzahl Nadeln an verschiedenen Punkten des K\u00f6rpers gesetzt. Sind alle Nadeln plaziert, ruhen Sie f\u00fcr ca 20 Minuten in meiner Anwesenheit Sowohl das &#8222;Setzen&#8220; wie auch das Entfernen der Nadeln ist grunds\u00e4tzlich schmerzfrei. <br><br>Die Anzahl der Behandlungen variiert je nach Indikation.<br><br>In meiner Praxis setze ich die Akupunktur haupts\u00e4chlich in folgenden Bereichen ein :<\/p>\n\n\n\n<div class=\"wp-block-group is-layout-constrained wp-block-group-is-layout-constrained\">\n<ul class=\"wp-block-list\">\n<li><strong>Beschwerden des Bewegungsapperates<\/strong><\/li>\n\n\n\n<li>Bewegungseinschr\u00e4nkungen<\/li>\n\n\n\n<li>Gelenkproblematiken<\/li>\n\n\n\n<li>Verspannungen<\/li>\n\n\n\n<li>Schmerzen<\/li>\n<\/ul>\n\n\n\n<ul class=\"wp-block-list\">\n<li><strong>Neurologische Beschwerde<\/strong>n<\/li>\n\n\n\n<li>Schwindel<\/li>\n\n\n\n<li>Empfindungsst\u00f6rungen<\/li>\n\n\n\n<li>motorische St\u00f6rungen<\/li>\n\n\n\n<li>Migr\u00e4ne<\/li>\n\n\n\n<li>Kopfschmerzen<\/li>\n<\/ul>\n<\/div>\n\n\n\n<p><\/p>\n\n\n\n<div class=\"wp-block-group is-layout-constrained wp-block-group-is-layout-constrained\">\n<div class=\"wp-block-group is-layout-constrained wp-block-group-is-layout-constrained\">\n<p><\/p>\n<\/div>\n<\/div>\n<\/div><figure class=\"wp-block-media-text__media\"><img loading=\"lazy\" decoding=\"async\" width=\"545\" height=\"1024\" src=\"https:\/\/brinkmannhp.de\/wp-content\/uploads\/2024\/04\/P1060186-545x1024.jpg\" alt=\"\" class=\"wp-image-281 size-full\" srcset=\"https:\/\/brinkmannhp.de\/wp-content\/uploads\/2024\/04\/P1060186-545x1024.jpg 545w, https:\/\/brinkmannhp.de\/wp-content\/uploads\/2024\/04\/P1060186-160x300.jpg 160w, https:\/\/brinkmannhp.de\/wp-content\/uploads\/2024\/04\/P1060186.jpg 624w\" sizes=\"auto, (max-width: 545px) 100vw, 545px\" \/><\/figure><\/div>\n","protected":false},"excerpt":{"rendered":"","protected":false},"author":1,"featured_media":0,"parent":0,"menu_order":0,"comment_status":"closed","ping_status":"closed","template":"","meta":{"site-sidebar-layout":"default","site-content-layout":"","ast-site-content-layout":"default","site-content-style":"default","site-sidebar-style":"default","ast-global-header-display":"","ast-banner-title-visibility":"","ast-main-header-display":"","ast-hfb-above-header-display":"","ast-hfb-below-header-display":"","ast-hfb-mobile-header-display":"","site-post-title":"","ast-breadcrumbs-content":"","ast-featured-img":"","footer-sml-layout":"","ast-disable-related-posts":"","theme-transparent-header-meta":"","adv-header-id-meta":"","stick-header-meta":"","header-above-stick-meta":"","header-main-stick-meta":"","header-below-stick-meta":"","astra-migrate-meta-layouts":"set","ast-page-background-enabled":"default","ast-page-background-meta":{"desktop":{"background-color":"var(--ast-global-color-4)","background-image":"","background-repeat":"repeat","background-position":"center center","background-size":"auto","background-attachment":"scroll","background-type":"","background-media":"","overlay-type":"","overlay-color":"","overlay-opacity":"","overlay-gradient":""},"tablet":{"background-color":"","background-image":"","background-repeat":"repeat","background-position":"center center","background-size":"auto","background-attachment":"scroll","background-type":"","background-media":"","overlay-type":"","overlay-color":"","overlay-opacity":"","overlay-gradient":""},"mobile":{"background-color":"","background-image":"","background-repeat":"repeat","background-position":"center center","background-size":"auto","background-attachment":"scroll","background-type":"","background-media":"","overlay-type":"","overlay-color":"","overlay-opacity":"","overlay-gradient":""}},"ast-content-background-meta":{"desktop":{"background-color":"var(--ast-global-color-5)","background-image":"","background-repeat":"repeat","background-position":"center center","background-size":"auto","background-attachment":"scroll","background-type":"","background-media":"","overlay-type":"","overlay-color":"","overlay-opacity":"","overlay-gradient":""},"tablet":{"background-color":"var(--ast-global-color-5)","background-image":"","background-repeat":"repeat","background-position":"center center","background-size":"auto","background-attachment":"scroll","background-type":"","background-media":"","overlay-type":"","overlay-color":"","overlay-opacity":"","overlay-gradient":""},"mobile":{"background-color":"var(--ast-global-color-5)","background-image":"","background-repeat":"repeat","background-position":"center center","background-size":"auto","background-attachment":"scroll","background-type":"","background-media":"","overlay-type":"","overlay-color":"","overlay-opacity":"","overlay-gradient":""}},"footnotes":""},"class_list":["post-116","page","type-page","status-publish","hentry"],"_links":{"self":[{"href":"https:\/\/brinkmannhp.de\/index.php\/wp-json\/wp\/v2\/pages\/116","targetHints":{"allow":["GET"]}}],"collection":[{"href":"https:\/\/brinkmannhp.de\/index.php\/wp-json\/wp\/v2\/pages"}],"about":[{"href":"https:\/\/brinkmannhp.de\/index.php\/wp-json\/wp\/v2\/types\/page"}],"author":[{"embeddable":true,"href":"https:\/\/brinkmannhp.de\/index.php\/wp-json\/wp\/v2\/users\/1"}],"replies":[{"embeddable":true,"href":"https:\/\/brinkmannhp.de\/index.php\/wp-json\/wp\/v2\/comments?post=116"}],"version-history":[{"count":22,"href":"https:\/\/brinkmannhp.de\/index.php\/wp-json\/wp\/v2\/pages\/116\/revisions"}],"predecessor-version":[{"id":319,"href":"https:\/\/brinkmannhp.de\/index.php\/wp-json\/wp\/v2\/pages\/116\/revisions\/319"}],"wp:attachment":[{"href":"https:\/\/brinkmannhp.de\/index.php\/wp-json\/wp\/v2\/media?parent=116"}],"curies":[{"name":"wp","href":"https:\/\/api.w.org\/{rel}","templated":true}]}}